ided by 390.
369
What is the remainder when 307 is divided by 60?
7
Calculate the remainder when 383700 is divided by 24.
12
What is the remainder when 94534 is divided by 6300?
34
What is the remainder when 20799 is divided by 15?
9
What is the remainder when 511800 is divided by 9?
6
What is the remainder when 1254 is divided by 84?
78
What is the remainder when 49960 is divided by 9985?
35
What is the remainder when 15180 is divided by 32?
12
What is the remainder when 14474 is divided by 683?
131
Calculate the remainder when 98652 is divided by 542.
8
Calculate the remainder when 573297 is divided by 282.
273
What is the remainder when 41899 is divided by 101?
85
Calculate the remainder when 45369 is divided by 20.
9
Calculate the remainder when 59905 is divided by 139.
135
What is the remainder when 23029 is divided by 235?
234
Calculate the remainder when 93919 is divided by 46826.
267
What is the remainder when 798 is divided by 374?
50
What is the remainder when 4513 is divided by 898?
23
Calculate the remainder when 77849 is divided by 613.
611
What is the remainder when 17095 is divided by 387?
67
What is the remainder when 56334 is divided by 176?
14
What is the remainder when 1864 is divided by 260?
44
What is the remainder when 420659 is divided by 60093?
8
What is the remainder when 174358 is divided by 8?
6
What is the remainder when 3138 is divided by 385?
58
What is the remainder when 39653 is divided by 4404?
17
Calculate the remainder when 7771 is divided by 114.
19
What is the remainder when 29435 is divided by 29417?
18
Calculate the remainder when 23519 is divided by 20.
19
Calculate the remainder when 61826 is divided by 36.
14
Calculate the remainder when 5035 is divided by 2411.
213
What is the remainder when 1531619 is divided by 14?
5
What is the remainder when 2630 is divided by 507?
95
What is the remainder when 5480 is divided by 61?
51
What is the remainder when 67489 is divided by 188?
185
What is the remainder when 8318 is divided by 321?
293
Calculate the remainder when 532630 is divided by 26631.
10
Calculate the remainder when 469943 is divided by 122.
121
Calculate the remainder when 11709 is divided by 2926.
5
What is the remainder when 377858 is divided by 51?
50
What is the remainder when 434216 is divided by 199?
197
What is the remainder when 26694 is divided by 2645?
244
Calculate the remainder when 50742 is divided by 132.
54
Calculate the remainder when 771463 is divided by 584.
583
Calculate the remainder when 15677503 is divided by 13.
10
What is the remainder when 5240 is divided by 128?
120
Calculate the remainder when 54085 is divided by 629.
620
What is the remainder when 1735 is divided by 86?
15
What is the remainder when 3521 is divided by 505?
491
Calculate the remainder when 2536 is divided by 40.
16
Calculate the remainder when 888549 is divided by 18.
15
Calculate the remainder when 750466 is divided by 14.
10
What is the remainder when 26488 is divided by 344?
0
What is the remainder when 5228 is divided by 1742?
2
Calculate the remainder when 4312 is divided by 609.
49
What is the remainder when 760 is divided by 85?
80
What is the remainder when 4977 is divided by 1238?
25
Calculate the remainder when 9187 is divided by 4582.
23
Calculate the remainder when 4336 is divided by 68.
52
What is the remainder when 48800 is divided by 428?
8
What is the remainder when 669966 is divided by 10?
6
Calculate the remainder when 10401 is divided by 254.
241
What is the remainder when 1769 is divided by 591?
587
What is the remainder when 120968 is divided by 945?
8
Calculate the remainder when 235297 is divided by 50.
47
Calculate the remainder when 223992 is divided by 6.
0
Calculate the remainder when 7410 is divided by 2459.
33
What is the remainder when 249592 is divided by 650?
642
What is the remainder when 3806 is divided by 33?
11
Calculate the remainder when 272243 is divided by 136114.
15
Calculate the remainder when 6721 is divided by 2197.
130
What is the remainder when 26047 is divided by 25898?
149
Calculate the remainder when 12156 is divided by 16.
12
Calculate the remainder when 35131 is divided by 147.
145
Calculate the remainder when 237850 is divided by 118901.
48
What is the remainder when 140210 is divided by 2?
0
What is the remainder when 32212 is divided by 18?
10
What is the remainder when 7814 is divided by 867?
11
What is the remainder when 4246 is divided by 594?
88
Calculate the remainder when 17839 is divided by 21.
10
Calculate the remainder when 1887 is divided by 239.
214
What is the remainder when 68416 is divided by 53?
46
What is the remainder when 33069 is divided by 1102?
9
Calculate the remainder when 2788 is divided by 42.
16
Calculate the remainder when 885657 is divided by 20.
17
Calculate the remainder when 108462 is divided by 193.
189
Calculate the remainder when 1118549 is divided by 141.
137
Calculate the remainder when 362 is divided by 83.
30
What is the remainder when 7486 is divided by 2393?
307
Calculate the remainder when 1565 is divided by 324.
269
Calculate the remainder when 4572 is divided by 445.
122
Calculate the remainder when 20542 is divided by 97.
75
What is the remainder when 2276 is divided by 356?
140
What is the remainder when 15711 is divided by 113?
4
Calculate the remainder when 24110 is divided by 1851.
47
Calculate the remainder when 43500 is divided by 116.
0
Calculate the remainder when 430 is divided by 257.
173
What is the remainder when 34885 is divided by 98?
95
Calculate the remainder when 4239 is divided by 755.
464
Calculate the remainder when 7100 is divided by 197.
8
Calculate the remainder when 12238 is divided by 21.
16
What is the remainder when 62734 is divided by 15676?
30
What is the remainder when 36913 is divided by 1101?
580
Calculate the remainder when 7617 is divided by 70.
57
What is the remainder when 3539 is divided by 1228?
1083
Calculate the remainder when 61759 is divided by 10.
9
What is the remainder when 5178 is divided by 518?
516
What is the remainder when 3694 is divided by 3316?
378
Calculate the remainder when 16009 is divided by 33.
4
Calculate the remainder when 14022 is divided by 3496.
38
Calculate the remainder when 1977 is divided by 124.
117
Calculate the remainder when 6668 is divided by 2212.
32
What is the remainder when 10289 is divided by 10279?
10
What is the remainder when 33575 is divided by 24?
23
Calculate the remainder when 133007 is divided by 13299.
17
Calculate the remainder when 270492 is divided by 278.
276
Calculate the remainder when 2522202 is divided by 785.
782
What is the remainder when 1581402 is divided by 38?
32
Calculate the remainder when 222533 is divided by 55.
3
Calculate the remainder when 32363 is divided by 77.
23
Calculate the remainder when 305 is divided by 91.
32
Calculate the remainder when 3864 is divided by 34.
22
What is the remainder when 17153 is divided by 17?
0
Calculate the remainder when 94973 is divided by 32.
29
Calculate the remainder when 8401317 is divided by 40.
37
Calculate the remainder when 46632 is divided by 576.
552
What is the remainder when 1348 is divided by 247?
113
What is the remainder when 24710 is divided by 12342?
26
Calculate the remainder when 36545 is divided by 21.
5
What is the remainder when 24253 is divided by 30?
13
What is the remainder when 47188 is divided by 705?
658
What is the remainder when 47026 is divided by 2520?
1666
What is the remainder when 6133 is divided by 632?
445
What is the remainder when 1556 is divided by 74?
2
What is the remainder when 95999 is divided by 620?
519
Calculate the remainder when 1259784 is divided by 210.
204
Calculate the remainder when 279 is divided by 242.
37
Calculate the remainder when 6491 is divided by 342.
335
Calculate the remainder when 3736 is divided by 548.
448
What is the remainder when 31476 is divided by 922?
128
Calculate the remainder when 30737898 is divided by 25.
23
What is the remainder when 967 is divided by 690?
277
Calculate the remainder when 25010 is divided by 45.
35
Calculate the remainder when 13606 is divided by 46.
36
What is the remainder when 10944 is divided by 3648?
0
Calculate the remainder when 15966 is divided by 347.
4
Calcu